{"id":5736,"date":"2015-03-23T18:08:04","date_gmt":"2015-03-23T18:08:04","guid":{"rendered":"http:\/\/www.presto.ma\/?page_id=5736"},"modified":"2017-09-11T09:11:51","modified_gmt":"2017-09-11T09:11:51","slug":"lligam-amb-bim","status":"publish","type":"page","link":"http:\/\/www.presto.ma\/ca\/lligam-amb-bim\/","title":{"rendered":"Cost-It, el complement de Revit per a Presto"},"content":{"rendered":"<p>Cost-It, genera autom\u00e0ticament tot el paquet d\u2019informaci\u00f3 necessari per a oferir projecte realitzat amb Revit, incloent les especificacions, les unitats d\u2019obra amb els seus amidaments estructurats a la EDT del projecte, els pl\u00e0nols i fins i tot un model IFC.<\/p>\r\n<a href=\"http:\/\/www.presto.ma\/wp-content\/uploads\/Cost-It-trazabilidad-Revit-Presto-BIM.png\"><img loading=\"lazy\" decoding=\"async\" src=\"http:\/\/www.presto.ma\/wp-content\/uploads\/Cost-It-trazabilidad-Revit-Presto-BIM-300x152.png\" alt=\"\" width=\"300\" height=\"152\" class=\"alignnone size-medium wp-image-5852\" srcset=\"http:\/\/www.presto.ma\/wp-content\/uploads\/Cost-It-trazabilidad-Revit-Presto-BIM-300x152.png 300w, http:\/\/www.presto.ma\/wp-content\/uploads\/Cost-It-trazabilidad-Revit-Presto-BIM.png 450w\" sizes=\"auto, (max-width: 300px) 100vw, 300px\" \/><\/a>\r\n<h5 class=\"subtitle\">L\u00ednia d&#8217;amidament seleccionada a Presto i localitzada a Revit<\/h5>\r\n<p>Amb Presto pot convertir aquests amidaments en un pressupost valorat, partint del cost unitari introdu\u00eft a Revit o mitjan\u00e7ant enlla\u00e7os a bancs de preus per a la construcci\u00f3. Es un proc\u00e9s bidireccional, que permet tornar a introduir informaci\u00f3 de Presto a Revit, aix\u00ed com identificar gr\u00e0ficament els elements del pressupost en el model amb un clic.<\/p>\r\n<a href=\"http:\/\/www.presto.ma\/wp-content\/uploads\/Exportacion-Revit-Presto-Cost-It.png\"><img loading=\"lazy\" decoding=\"async\" src=\"http:\/\/www.presto.ma\/wp-content\/uploads\/Exportacion-Revit-Presto-Cost-It-300x207.png\" alt=\"\" width=\"300\" height=\"207\" class=\"alignnone size-medium wp-image-5853\" srcset=\"http:\/\/www.presto.ma\/wp-content\/uploads\/Exportacion-Revit-Presto-Cost-It-300x207.png 300w, http:\/\/www.presto.ma\/wp-content\/uploads\/Exportacion-Revit-Presto-Cost-It.png 700w\" sizes=\"auto, (max-width: 300px) 100vw, 300px\" \/><\/a>\r\n<h5 class=\"subtitle\">Finestra de configuraci\u00f3 de la exportaci\u00f3<\/h5>\r\n<h3>Cal tenir Revit per a utilitzar Cost-It?.. i altres dubtes sobre Cost-It<\/h3>\r\n<p>Aqui trobar\u00e0 alguns dels dubtes m\u00e9s freq\u00fcets dels usuaris sobre Cost-It, que pot ampliar amb m\u00e9s informaci\u00f3 amb els documents del marge dret<\/p>\r\n<br><h5>&#8230;que \u00e9s exactament Cost-It<\/h5>\r\n<p>Cost-It \u00e9s un complement (plugin) per a Revit que extreu automaticament els amidaments del model BIM en format Presto.<\/p>\r\n<br><h5>&#8230;per a utilitzar Cost-It es necessita tenir Revit instal\u00b7lat?<\/h5>\r\n<ul>\r\n\t<li>Si es vol modificar el model, s\u00ed.<\/li>\r\n        <li>Si nomes es vol generar el pressupost i visualitzar els elements del pressupost al model no necessita tenir una llic\u00e8ncia de Revit, nom\u00e9s cal instal\u00b7lar Revit Viewer.<\/li><\/ul>\r\n<br><h5>&#8230;es poden mesurar els mur per capes?<\/h5>\r\n<p>A l&#8217;exportar s&#8217;escull si els murs i altres elements compostos es desglosent o no per cada una de les capes o materials.<\/p>\r\n<br><h5>&#8230;com identifico al model els amidaments del pressupost?<\/h5>\r\n<p>Al seleccionar una o m\u00e9s l\u00ednies d&#8217;amidament automaticament apareixen seleccionats al model de Revit els elements als que corresponen.<br>Tamb\u00e9 pot localitzar des del model les l\u00ednies d&#8217;amidament de l&#8217;element o elements a Presto.<\/p>\r\n<p>Trobar\u00e0 m\u00e9s informaci\u00f3 i detalls al document <a href=\"http:\/\/www.presto.ma\/ca\/bim-5d-amb-presto\/\" target=\"_blank\">BIM 5D amb Presto<\/a><\/p>\r\n<br><h5>Provi Cost-It<\/h5>\r\n<p>Soliciti al formulari &#8220;+INFO&#8221; la darrera versi\u00f3 de Presto i Cost-It i utilitzi el complement en mode de prova.<\/p>\r\n<br><h5>Productes disponibles<\/h5>\r\n<p>Cost-It<\/p>\r\n<h5 class=\"subtitle\">Generaci\u00f3 autom\u00e0tica dels amidaments a partir d&#8217;un model BIM<\/h5>\r\n\r\n\r\n<!-- AddThis Advanced Settings generic via filter on the_content --><!-- AddThis Share Buttons generic via filter on the_content -->","protected":false},"excerpt":{"rendered":"<p>Cost-It, genera autom\u00e0ticament tot el paquet d\u2019informaci\u00f3 necessari per a oferir projecte realitzat amb Revit, incloent les especificacions, les unitats d\u2019obra amb els seus amidaments estructurats a la EDT del projecte, els pl\u00e0nols i fins i tot un model IFC. &hellip; <a href=\"http:\/\/www.presto.ma\/ca\/lligam-amb-bim\/\">Continue reading <span class=\"meta-nav\">&rarr;<\/span><\/a><!-- AddThis Advanced Settings generic via filter on wp_trim_excerpt --><!-- AddThis Share Buttons generic via filter on wp_trim_excerpt --><\/p>\n","protected":false},"author":2,"featured_media":0,"parent":0,"menu_order":0,"comment_status":"closed","ping_status":"closed","template":"","meta":{"_monsterinsights_skip_tracking":false,"_monsterinsights_sitenote_active":false,"_monsterinsights_sitenote_note":"","_monsterinsights_sitenote_category":0,"footnotes":""},"class_list":["post-5736","page","type-page","status-publish","hentry"],"yoast_head":"<!-- This site is optimized with the Yoast SEO plugin v27.4 - https:\/\/yoast.com\/product\/yoast-seo-wordpress\/ -->\n<title>Cost-It, el complement de Revit per a Presto - Presto<\/title>\n<meta name=\"robots\" content=\"index, follow, max-snippet:-1, max-image-preview:large, max-video-preview:-1\" \/>\n<link rel=\"canonical\" href=\"http:\/\/www.presto.ma\/ca\/lligam-amb-bim\/\" \/>\n<meta property=\"og:locale\" content=\"ca_ES\" \/>\n<meta property=\"og:type\" content=\"article\" \/>\n<meta property=\"og:title\" content=\"Cost-It, el complement de Revit per a Presto - Presto\" \/>\n<meta property=\"og:description\" content=\"Cost-It, genera autom\u00e0ticament tot el paquet d\u2019informaci\u00f3 necessari per a oferir projecte realitzat amb Revit, incloent les especificacions, les unitats d\u2019obra amb els seus amidaments estructurats a la EDT del projecte, els pl\u00e0nols i fins i tot un model IFC. &hellip; Continue reading &rarr;\" \/>\n<meta property=\"og:url\" content=\"http:\/\/www.presto.ma\/ca\/lligam-amb-bim\/\" \/>\n<meta property=\"og:site_name\" content=\"Presto\" \/>\n<meta property=\"article:modified_time\" content=\"2017-09-11T09:11:51+00:00\" \/>\n<meta property=\"og:image\" content=\"http:\/\/www.presto.ma\/wp-content\/uploads\/Cost-It-trazabilidad-Revit-Presto-BIM-300x152.png\" \/>\n<meta name=\"twitter:label1\" content=\"Temps estimat de lectura\" \/>\n\t<meta name=\"twitter:data1\" content=\"2 minuts\" \/>\n<script type=\"application\/ld+json\" class=\"yoast-schema-graph\">{\"@context\":\"https:\\\/\\\/schema.org\",\"@graph\":[{\"@type\":\"WebPage\",\"@id\":\"http:\\\/\\\/www.presto.ma\\\/ca\\\/lligam-amb-bim\\\/\",\"url\":\"http:\\\/\\\/www.presto.ma\\\/ca\\\/lligam-amb-bim\\\/\",\"name\":\"Cost-It, el complement de Revit per a Presto - Presto\",\"isPartOf\":{\"@id\":\"https:\\\/\\\/www.presto.ma\\\/#website\"},\"primaryImageOfPage\":{\"@id\":\"http:\\\/\\\/www.presto.ma\\\/ca\\\/lligam-amb-bim\\\/#primaryimage\"},\"image\":{\"@id\":\"http:\\\/\\\/www.presto.ma\\\/ca\\\/lligam-amb-bim\\\/#primaryimage\"},\"thumbnailUrl\":\"http:\\\/\\\/www.presto.ma\\\/wp-content\\\/uploads\\\/Cost-It-trazabilidad-Revit-Presto-BIM-300x152.png\",\"datePublished\":\"2015-03-23T18:08:04+00:00\",\"dateModified\":\"2017-09-11T09:11:51+00:00\",\"breadcrumb\":{\"@id\":\"http:\\\/\\\/www.presto.ma\\\/ca\\\/lligam-amb-bim\\\/#breadcrumb\"},\"inLanguage\":\"ca\",\"potentialAction\":[{\"@type\":\"ReadAction\",\"target\":[\"http:\\\/\\\/www.presto.ma\\\/ca\\\/lligam-amb-bim\\\/\"]}]},{\"@type\":\"ImageObject\",\"inLanguage\":\"ca\",\"@id\":\"http:\\\/\\\/www.presto.ma\\\/ca\\\/lligam-amb-bim\\\/#primaryimage\",\"url\":\"http:\\\/\\\/www.presto.ma\\\/wp-content\\\/uploads\\\/Cost-It-trazabilidad-Revit-Presto-BIM-300x152.png\",\"contentUrl\":\"http:\\\/\\\/www.presto.ma\\\/wp-content\\\/uploads\\\/Cost-It-trazabilidad-Revit-Presto-BIM-300x152.png\"},{\"@type\":\"BreadcrumbList\",\"@id\":\"http:\\\/\\\/www.presto.ma\\\/ca\\\/lligam-amb-bim\\\/#breadcrumb\",\"itemListElement\":[{\"@type\":\"ListItem\",\"position\":1,\"name\":\"Portada\",\"item\":\"http:\\\/\\\/www.presto.ma\\\/ca\\\/\"},{\"@type\":\"ListItem\",\"position\":2,\"name\":\"Cost-It, el complement de Revit per a Presto\"}]},{\"@type\":\"WebSite\",\"@id\":\"https:\\\/\\\/www.presto.ma\\\/#website\",\"url\":\"https:\\\/\\\/www.presto.ma\\\/\",\"name\":\"Presto\",\"description\":\"Gestion de co\u00fbts pour la construction\",\"potentialAction\":[{\"@type\":\"SearchAction\",\"target\":{\"@type\":\"EntryPoint\",\"urlTemplate\":\"https:\\\/\\\/www.presto.ma\\\/?s={search_term_string}\"},\"query-input\":{\"@type\":\"PropertyValueSpecification\",\"valueRequired\":true,\"valueName\":\"search_term_string\"}}],\"inLanguage\":\"ca\"}]}<\/script>\n<!-- \/ Yoast SEO plugin. -->","yoast_head_json":{"title":"Cost-It, el complement de Revit per a Presto - Presto","robots":{"index":"index","follow":"follow","max-snippet":"max-snippet:-1","max-image-preview":"max-image-preview:large","max-video-preview":"max-video-preview:-1"},"canonical":"http:\/\/www.presto.ma\/ca\/lligam-amb-bim\/","og_locale":"ca_ES","og_type":"article","og_title":"Cost-It, el complement de Revit per a Presto - Presto","og_description":"Cost-It, genera autom\u00e0ticament tot el paquet d\u2019informaci\u00f3 necessari per a oferir projecte realitzat amb Revit, incloent les especificacions, les unitats d\u2019obra amb els seus amidaments estructurats a la EDT del projecte, els pl\u00e0nols i fins i tot un model IFC. &hellip; Continue reading &rarr;","og_url":"http:\/\/www.presto.ma\/ca\/lligam-amb-bim\/","og_site_name":"Presto","article_modified_time":"2017-09-11T09:11:51+00:00","og_image":[{"url":"http:\/\/www.presto.ma\/wp-content\/uploads\/Cost-It-trazabilidad-Revit-Presto-BIM-300x152.png","type":"","width":"","height":""}],"twitter_misc":{"Temps estimat de lectura":"2 minuts"},"schema":{"@context":"https:\/\/schema.org","@graph":[{"@type":"WebPage","@id":"http:\/\/www.presto.ma\/ca\/lligam-amb-bim\/","url":"http:\/\/www.presto.ma\/ca\/lligam-amb-bim\/","name":"Cost-It, el complement de Revit per a Presto - Presto","isPartOf":{"@id":"https:\/\/www.presto.ma\/#website"},"primaryImageOfPage":{"@id":"http:\/\/www.presto.ma\/ca\/lligam-amb-bim\/#primaryimage"},"image":{"@id":"http:\/\/www.presto.ma\/ca\/lligam-amb-bim\/#primaryimage"},"thumbnailUrl":"http:\/\/www.presto.ma\/wp-content\/uploads\/Cost-It-trazabilidad-Revit-Presto-BIM-300x152.png","datePublished":"2015-03-23T18:08:04+00:00","dateModified":"2017-09-11T09:11:51+00:00","breadcrumb":{"@id":"http:\/\/www.presto.ma\/ca\/lligam-amb-bim\/#breadcrumb"},"inLanguage":"ca","potentialAction":[{"@type":"ReadAction","target":["http:\/\/www.presto.ma\/ca\/lligam-amb-bim\/"]}]},{"@type":"ImageObject","inLanguage":"ca","@id":"http:\/\/www.presto.ma\/ca\/lligam-amb-bim\/#primaryimage","url":"http:\/\/www.presto.ma\/wp-content\/uploads\/Cost-It-trazabilidad-Revit-Presto-BIM-300x152.png","contentUrl":"http:\/\/www.presto.ma\/wp-content\/uploads\/Cost-It-trazabilidad-Revit-Presto-BIM-300x152.png"},{"@type":"BreadcrumbList","@id":"http:\/\/www.presto.ma\/ca\/lligam-amb-bim\/#breadcrumb","itemListElement":[{"@type":"ListItem","position":1,"name":"Portada","item":"http:\/\/www.presto.ma\/ca\/"},{"@type":"ListItem","position":2,"name":"Cost-It, el complement de Revit per a Presto"}]},{"@type":"WebSite","@id":"https:\/\/www.presto.ma\/#website","url":"https:\/\/www.presto.ma\/","name":"Presto","description":"Gestion de co\u00fbts pour la construction","potentialAction":[{"@type":"SearchAction","target":{"@type":"EntryPoint","urlTemplate":"https:\/\/www.presto.ma\/?s={search_term_string}"},"query-input":{"@type":"PropertyValueSpecification","valueRequired":true,"valueName":"search_term_string"}}],"inLanguage":"ca"}]}},"_links":{"self":[{"href":"http:\/\/www.presto.ma\/ca\/wp-json\/wp\/v2\/pages\/5736","targetHints":{"allow":["GET"]}}],"collection":[{"href":"http:\/\/www.presto.ma\/ca\/wp-json\/wp\/v2\/pages"}],"about":[{"href":"http:\/\/www.presto.ma\/ca\/wp-json\/wp\/v2\/types\/page"}],"author":[{"embeddable":true,"href":"http:\/\/www.presto.ma\/ca\/wp-json\/wp\/v2\/users\/2"}],"replies":[{"embeddable":true,"href":"http:\/\/www.presto.ma\/ca\/wp-json\/wp\/v2\/comments?post=5736"}],"version-history":[{"count":4,"href":"http:\/\/www.presto.ma\/ca\/wp-json\/wp\/v2\/pages\/5736\/revisions"}],"predecessor-version":[{"id":5855,"href":"http:\/\/www.presto.ma\/ca\/wp-json\/wp\/v2\/pages\/5736\/revisions\/5855"}],"wp:attachment":[{"href":"http:\/\/www.presto.ma\/ca\/wp-json\/wp\/v2\/media?parent=5736"}],"curies":[{"name":"wp","href":"https:\/\/api.w.org\/{rel}","templated":true}]}}

<p>Cost-It, genera automàticament tot el paquet d’informació necessari per a oferir projecte realitzat amb Revit, incloent les especificacions, les unitats d’obra amb els seus amidaments estructurats a la EDT del projecte, els plànols i fins i tot un model IFC.</p>
<a href="http://www.presto.ma/wp-content/uploads/Cost-It-trazabilidad-Revit-Presto-BIM.png"><img loading="lazy" decoding="async" src="http://www.presto.ma/wp-content/uploads/Cost-It-trazabilidad-Revit-Presto-BIM-300x152.png" alt="" width="300" height="152" class="alignnone size-medium wp-image-5852" srcset="http://www.presto.ma/wp-content/uploads/Cost-It-trazabilidad-Revit-Presto-BIM-300x152.png 300w, http://www.presto.ma/wp-content/uploads/Cost-It-trazabilidad-Revit-Presto-BIM.png 450w" sizes="auto, (max-width: 300px) 100vw, 300px" /></a>
<h5 class="subtitle">Línia d&#8217;amidament seleccionada a Presto i localitzada a Revit</h5>
<p>Amb Presto pot convertir aquests amidaments en un pressupost valorat, partint del cost unitari introduït a Revit o mitjançant enllaços a bancs de preus per a la construcció. Es un procés bidireccional, que permet tornar a introduir informació de Presto a Revit, així com identificar gràficament els elements del pressupost en el model amb un clic.</p>
<a href="http://www.presto.ma/wp-content/uploads/Exportacion-Revit-Presto-Cost-It.png"><img loading="lazy" decoding="async" src="http://www.presto.ma/wp-content/uploads/Exportacion-Revit-Presto-Cost-It-300x207.png" alt="" width="300" height="207" class="alignnone size-medium wp-image-5853" srcset="http://www.presto.ma/wp-content/uploads/Exportacion-Revit-Presto-Cost-It-300x207.png 300w, http://www.presto.ma/wp-content/uploads/Exportacion-Revit-Presto-Cost-It.png 700w" sizes="auto, (max-width: 300px) 100vw, 300px" /></a>
<h5 class="subtitle">Finestra de configuració de la exportació</h5>
<h3>Cal tenir Revit per a utilitzar Cost-It?.. i altres dubtes sobre Cost-It</h3>
<p>Aqui trobarà alguns dels dubtes més freqüets dels usuaris sobre Cost-It, que pot ampliar amb més informació amb els documents del marge dret</p>
<br><h5>&#8230;que és exactament Cost-It</h5>
<p>Cost-It és un complement (plugin) per a Revit que extreu automaticament els amidaments del model BIM en format Presto.</p>
<br><h5>&#8230;per a utilitzar Cost-It es necessita tenir Revit instal·lat?</h5>
<ul>
	<li>Si es vol modificar el model, sí.</li>
        <li>Si nomes es vol generar el pressupost i visualitzar els elements del pressupost al model no necessita tenir una llicència de Revit, només cal instal·lar Revit Viewer.</li></ul>
<br><h5>&#8230;es poden mesurar els mur per capes?</h5>
<p>A l&#8217;exportar s&#8217;escull si els murs i altres elements compostos es desglosent o no per cada una de les capes o materials.</p>
<br><h5>&#8230;com identifico al model els amidaments del pressupost?</h5>
<p>Al seleccionar una o més línies d&#8217;amidament automaticament apareixen seleccionats al model de Revit els elements als que corresponen.<br>També pot localitzar des del model les línies d&#8217;amidament de l&#8217;element o elements a Presto.</p>
<p>Trobarà més informació i detalls al document <a href="http://www.presto.ma/ca/bim-5d-amb-presto/" target="_blank">BIM 5D amb Presto</a></p>
<br><h5>Provi Cost-It</h5>
<p>Soliciti al formulari &#8220;+INFO&#8221; la darrera versió de Presto i Cost-It i utilitzi el complement en mode de prova.</p>
<br><h5>Productes disponibles</h5>
<p>Cost-It</p>
<h5 class="subtitle">Generació automàtica dels amidaments a partir d&#8217;un model BIM</h5>


<!-- AddThis Advanced Settings generic via filter on the_content --><!-- AddThis Share Buttons generic via filter on the_content -->

<p>Cost-It, genera automàticament tot el paquet d’informació necessari per a oferir projecte realitzat amb Revit, incloent les especificacions, les unitats d’obra amb els seus amidaments estructurats a la EDT del projecte, els plànols i fins i tot un model IFC. &hellip; <a href="http://www.presto.ma/ca/lligam-amb-bim/">Continue reading <span class="meta-nav">&rarr;</span></a><!-- AddThis Advanced Settings generic via filter on wp_trim_excerpt --><!-- AddThis Share Buttons generic via filter on wp_trim_excerpt --></p>

<!-- This site is optimized with the Yoast SEO plugin v27.4 - https://yoast.com/product/yoast-seo-wordpress/ -->
<title>Cost-It, el complement de Revit per a Presto - Presto</title>
<meta name="robots" content="index, follow, max-snippet:-1, max-image-preview:large, max-video-preview:-1" />
<link rel="canonical" href="http://www.presto.ma/ca/lligam-amb-bim/" />
<meta property="og:locale" content="ca_ES" />
<meta property="og:type" content="article" />
<meta property="og:title" content="Cost-It, el complement de Revit per a Presto - Presto" />
<meta property="og:description" content="Cost-It, genera automàticament tot el paquet d’informació necessari per a oferir projecte realitzat amb Revit, incloent les especificacions, les unitats d’obra amb els seus amidaments estructurats a la EDT del projecte, els plànols i fins i tot un model IFC. &hellip; Continue reading &rarr;" />
<meta property="og:url" content="http://www.presto.ma/ca/lligam-amb-bim/" />
<meta property="og:site_name" content="Presto" />
<meta property="article:modified_time" content="2017-09-11T09:11:51+00:00" />
<meta property="og:image" content="http://www.presto.ma/wp-content/uploads/Cost-It-trazabilidad-Revit-Presto-BIM-300x152.png" />
<meta name="twitter:label1" content="Temps estimat de lectura" />
	<meta name="twitter:data1" content="2 minuts" />
<script type="application/ld+json" class="yoast-schema-graph">{"@context":"https:\/\/schema.org","@graph":[{"@type":"WebPage","@id":"http:\/\/www.presto.ma\/ca\/lligam-amb-bim\/","url":"http:\/\/www.presto.ma\/ca\/lligam-amb-bim\/","name":"Cost-It, el complement de Revit per a Presto - Presto","isPartOf":{"@id":"https:\/\/www.presto.ma\/#website"},"primaryImageOfPage":{"@id":"http:\/\/www.presto.ma\/ca\/lligam-amb-bim\/#primaryimage"},"image":{"@id":"http:\/\/www.presto.ma\/ca\/lligam-amb-bim\/#primaryimage"},"thumbnailUrl":"http:\/\/www.presto.ma\/wp-content\/uploads\/Cost-It-trazabilidad-Revit-Presto-BIM-300x152.png","datePublished":"2015-03-23T18:08:04+00:00","dateModified":"2017-09-11T09:11:51+00:00","breadcrumb":{"@id":"http:\/\/www.presto.ma\/ca\/lligam-amb-bim\/#breadcrumb"},"inLanguage":"ca","potentialAction":[{"@type":"ReadAction","target":["http:\/\/www.presto.ma\/ca\/lligam-amb-bim\/"]}]},{"@type":"ImageObject","inLanguage":"ca","@id":"http:\/\/www.presto.ma\/ca\/lligam-amb-bim\/#primaryimage","url":"http:\/\/www.presto.ma\/wp-content\/uploads\/Cost-It-trazabilidad-Revit-Presto-BIM-300x152.png","contentUrl":"http:\/\/www.presto.ma\/wp-content\/uploads\/Cost-It-trazabilidad-Revit-Presto-BIM-300x152.png"},{"@type":"BreadcrumbList","@id":"http:\/\/www.presto.ma\/ca\/lligam-amb-bim\/#breadcrumb","itemListElement":[{"@type":"ListItem","position":1,"name":"Portada","item":"http:\/\/www.presto.ma\/ca\/"},{"@type":"ListItem","position":2,"name":"Cost-It, el complement de Revit per a Presto"}]},{"@type":"WebSite","@id":"https:\/\/www.presto.ma\/#website","url":"https:\/\/www.presto.ma\/","name":"Presto","description":"Gestion de coûts pour la construction","potentialAction":[{"@type":"SearchAction","target":{"@type":"EntryPoint","urlTemplate":"https:\/\/www.presto.ma\/?s={search_term_string}"},"query-input":{"@type":"PropertyValueSpecification","valueRequired":true,"valueName":"search_term_string"}}],"inLanguage":"ca"}]}</script>
<!-- / Yoast SEO plugin. -->

Cost-It, genera automàticament tot el paquet d’informació necessari per a oferir projecte realitzat amb Revit, incloent les especificacions, les unitats d’obra amb els seus amidaments estructurats a la EDT del projecte, els plànols i fins i tot un model IFC. &hellip; Continue reading &rarr;

Gestion de coûts pour la construction
